+ 324. Suppose -18*n = -20*n + x. What is the highest common divisor of p and n?
11
Suppose 2*q - 15 + 7 = 0. Suppose 0 = -q*n + 1932 - 76. Calculate the greatest common divisor of 29 and n.
29
Let a be (-14 - -16)*(1 - -21). Let c = 150 + -62. Calculate the highest common divisor of c and a.
44
Let k be (-2)/1*(-89 - 1). Let g(w) = 30*w**3 + 361*w**2 - w - 21. Let j be g(-12). Calculate the highest common factor of k and j.
45
Suppose 5*u = s - 1078, -s + 2*u + 1048 = 3*u. Calculate the highest common divisor of s and 3321.
81
Let c = -13952 + 18176. Calculate the greatest common divisor of c and 24.
24
Suppose -2*j + 787 = -5*m + j, -314 = 2*m - 2*j. Suppose -r - 7*r - 784 = 0. Let k = r - m. Calculate the greatest common divisor of k and 45.
15
Let r = 2036 - 1967. What is the greatest common factor of r and 2?
1
Let d = -116 - -144. Suppose -6*l - 3*l = -72. Suppose -14*g + 168 = -l*g. Calculate the greatest common divisor of d and g.
28
Suppose -2*v + 445 = -m, -952 = -4*v - 4*m - 44. Let g = -206 + v. What is the highest common factor of 12 and g?
6
Let j = 14 + -21. Let x be -5 + 13 + j - -51. Calculate the greatest common factor of x and 65.
13
Suppose 0 = -3*b + 5*z + 346 - 86, 305 = 3*b + 4*z. Let o = 100 - b. Suppose -2 - 8 = o*v, -3*w + 84 = -3*v. Calculate the highest common divisor of 156 and w.
26
Let w(v) = -v**3 - 3*v**2 - 2*v - 5. Let z be w(-4). Let c be (11 - 44115/663)*(-39)/6. What is the highest common factor of z and c?
19
Let z(r) = -19*r + 265. Let t be z(10). Let p(k) = k**2 - 19*k + 25. Let a be p(19). What is the highest common divisor of a and t?
25
Suppose 130 + 334 = -2*x. Let c = -208 - x. Calculate the highest common factor of c and 12.
12
Let n(g) = -76*g**2 + g - 3. Let j be n(1). Let h be (-1)/2 - -2*j/(-24). Suppose 5*i - 13 - 32 = 0. What is the greatest common divisor of h and i?
3
Suppose 218*t + 156200 = 268*t. What is the highest common factor of 308 and t?
44
Let g be ((-27)/2)/(5 + (-385)/80). Let u be (-2)/8 + (-5562)/g. Let a = 106 + -99. Calculate the highest common divisor of a and u.
7
Let t(h) = 36*h + 21. Let b(s) = s. Let l(u) = 9*b(u) - t(u). Let o be l(-3). What is the greatest common factor of o and 220?
20
Let m(j) be the third derivative of -j**4/8 + 11*j**3/2 + 43*j**2 + 2. Let y be m(-22). Calculate the highest common factor of 22 and y.
11
Let l = -891 - -3419. Calculate the greatest common factor of 32 and l.
32
Let x(f) = -f**3 + 12*f**2 - 12*f + 13. Let s be x(10). Let l = s - 90. Let o be (0 - 3/12)*l*-60. Calculate the highest common factor of 30 and o.
15
Let j(y) = 2*y**2 + 9*y + 1. Let r be j(-7). Let v(x) = -4*x + 27. Let z be v(-6). Let u = z - r. What is the greatest common divisor of 75 and u?
15
Let o = -36 - -51. Suppose -u = 3*m + 11, m = 4*m + o. Suppose u*j + 8 = 0, -2*j = 5*d - 0*d - 61. Calculate the highest common divisor of 65 and d.
13
Let j(g) = -5*g + 4. Let a be j(-6). Let c be 86/2 + -10 + 9. Let p = c - a. Calculate the greatest common divisor of 64 and p.
8
Let s(y) = 2*y**2 + 47*y + 277. Let w be s(-8). What is the greatest common divisor of w and 4118?
29
Let h be (-35 - -36)/((-4)/396). Let v be (-18 + 2/2)*5. Let f = v - h. What is the greatest common divisor of f and 14?
14
Suppose -4*p + 12 = 0, 3*n + 5*p - 390 = 66. Calculate the greatest common divisor of n and 24.
3
Let v = 359 - 509. Let p be (v/(-30))/(-2*2/(-64)). Calculate the greatest common factor of p and 32.
16
Let p = -3839 - -3875. What is the highest common factor of 7704 and p?
36
Let p be (-251550)/576*-44 - ((-30)/16)/5. Calculate the highest common divisor of p and 32.
16
Let x(z) = -53*z - 3974. Let u be x(-75). Calculate the highest common factor of 692 and u.
1
Let c be (-6204)/(-99) - ((-120)/(-18) + -7). Calculate the highest common divisor of c and 51471.
63
Let b be 1 + 16/(-24) - (28212/(-9))/1. Calculate the highest common factor of b and 605.
55
Let o = 4138 - 4008. Suppose 3*h = 5*y - 0*y - 59, 0 = 3*y + 5*h - 15. What is the highest common factor of o and y?
10
Let z = -2 - -4. Let g(n) = -6*n + 7. Let c(d) = 6*d - 7. Let s(m) = -3*c(m) - 4*g(m). Let x be s(z). Calculate the greatest common factor of 35 and x.
5
Suppose 386 = -1151*x + 1153*x - 2*v, 0 = 3*v + 3. Calculate the greatest common divisor of 12864 and x.
192
Let h = -13646 + 14267. What is the greatest common factor of h and 1311?
69
Let c be -3*(-238)/(-18) - (-1)/(-3). Let g be (15/(-4))/(5/c). Suppose -4*q - 2*b = -g, -2*q - 1 = 5*b - 12. What is the highest common divisor of q and 56?
8
Suppose 456 = 660*p - 654*p. What is the greatest common factor of 722 and p?
38
Let t be (-2)/(-7) - (61182/(-21))/9. Let d = 326 - t. Calculate the highest common factor of d and 4.
2
Suppose 37*y - 69267 - 134825 = -37*y. Calculate the highest common divisor of 14 and y.
14
Let m = -9573 - -9673. What is the highest common divisor of 2420 and m?
20
Suppose -3*j + 15 = 0, 72*j + 980 = 5*b + 74*j. What is the greatest common divisor of 2425 and b?
97
Suppose 13*s = -57*s - 44*s + 243390. What is the greatest common factor of s and 420?
35
Let h(a) = -60*a + 4590. Let v be h(62). Calculate the highest common factor of 1276 and v.
58
Suppose 37 = q + 35. Suppose k - 186 = -5*t - 3*k, t - 26 = q*k. Suppose 6*z = 7*z + u - t, -u + 154 = 5*z. Calculate the highest common factor of z and 45.
15
Let q = 17404 - 5688. Calculate the greatest common factor of 202 and q.
202
Let n(i) = -i + 6. Let b be n(5). Let a(k) = -8*k - 84. Let f be a(-19). Suppose 49*w + 475 = f*w. What is the greatest common factor of w and b?
1
Suppose 4*c + 5*s + 602 - 2756 = 0, -s - 1084 = -2*c. Let q = 640 - c. Calculate the highest common factor of q and 72.
9
Let n = 271 + -181. Let y = 112136 + -112126. Calculate the highest common divisor of n and y.
10
Let p = -26061 + 26097. Suppose 215 = 2*j - i, -2*j - 4*i + i = -219. What is the highest common divisor of j and p?
36
Let c be (-19 + (-6185)/15)/((-2)/51). Calculate the highest common divisor of 17 and c.
17
Suppose 4*h = 12, 5*v + 2*h - 49 = -h. Let l = 7 + v. Let q be (-1 + l/9)*(6 - 3). Calculate the highest common factor of q and 3.
1
Let y(p) = 3*p**2 - 30*p + 140. Let f be y(4). What is the highest common divisor of f and 221?
17
Suppose 22 = -2*s + 4*s. Suppose 445 = -11*v - 270. Let o = 98 + v. What is the greatest common divisor of o and s?
11
Suppose -a + 16 = -3*q, -4*a + 5*q + 204 = 7*q. Suppose 4*o = -4*n + 740, -o = 7*n - 3*n - 188. What is the greatest common divisor of a and o?
46
Let m be (-8623)/(-7) + 18 + (-5000)/280. Calculate the greatest common factor of m and 220.
44
Suppose -3*g - 3*d = -462, 26*g + 3*d = 27*g - 138. Calculate the highest common factor of 780 and g.
30
Suppose -17*d = 46*d - 504. Suppose 4*w + d = 5*h, -2*w + 18 + 8 = 5*h. Calculate the greatest common divisor of w and 81.
3
Suppose 12 = -31*i + 35*i. Let n be ((-2 - -3)*1)/(-1). Let d be (4/2 - 0) + (-37)/n. What is the greatest common factor of d and i?
3
Let u = -219 + 269. Suppose 0 = -u*i + 58*i - 80. What is the highest common divisor of i and 250?
10
Let v(m) = m**3 + 33*m**2 + 63*m + 35. Let f be v(-31). What is the highest common factor of f and 636?
4
Suppose -23 = c - 68*a + 72*a, 0 = 4*a + 28. Suppose 20 = s + 1. Let u be s/4 - 5/(-20). What is the highest common factor of u and c?
5
Let c = -73 - 11. Let o = -3639 + 3975. Let r = o + c. Calculate the greatest common divisor of 28 and r.
28
Let c(y) = -20*y + 4. Let o(d) = -21*d + 37. Let i be o(-4). Let p = -123 + i. Let z be c(p). Calculate the highest common factor of z and 33.
11
Suppose 26904 = -29555*p + 30027*p. Suppose 3*d = v + 856, 5*v = -2*d + 3*d - 290. What is the greatest common factor of p and d?
57
Let h = 16601 - 12985. Calculate the highest common factor of h and 32.
32
Suppose 0*q = 4*q - 60. Let v be 2599/92 + (-1749)/212. What is the greatest common divisor of v and q?
5
Let s(b) be the first derivative of 1/4*b**4 - 1/3*b**3 + 4*b - 8 - 1/2*b**2. Let y be s(2). What is the highest common factor of y and 3?
3
Let v = 8258 + -8231. What is the greatest common divisor of v and 54?
27
Let h = -598 + 605. Suppose -4*u + 140 = -4*g, -u + 45 - h = 2*g. What is the highest common factor of 162 and u?
18
Let x = -22208 + 22428.